t p = f + 17. Suppose p*n - 35 = n. What is the tens digit of n?
3
Let j = 9 + -4. Suppose -j*k = -v - 22, 0*v + 6 = 3*k + 3*v. Suppose 4*z + 40 = 4*x - 40, k*x - 71 = z. What is the tens digit of x?
1
Suppose -2*t - 4480 = -6*t. What is the thousands digit of t?
1
Suppose -4*s = 2 - 10. Suppose 12 = -4*x, n - 12 = 3*x - x. Suppose -n = g - s*g. What is the units digit of g?
6
Suppose 0 = -2*f + 4*t + 1826, -2*f - 30 + 1826 = 2*t. What is the tens digit of f?
0
What is the tens digit of 5 - -1233 - -6*(-3)/6?
3
Let y(t) = -t**3 + 6*t**2 + 7*t - 3. Let g be y(6). What is the units digit of (1066/g)/((-2)/(-3))?
1
Let a be 6/(-4) - 612/(-24). Suppose 0 = 2*r - 2*k - a, -k = -r + k + 9. What is the tens digit of r?
1
Suppose 0 = 2*i - 12 + 10. Suppose i + 7 = t. Suppose -2*a = -6*a + t. What is the units digit of a?
2
Let a = 28 + 60. What is the tens digit of a?
8
Let l = -71 - -530. What is the units digit of l?
9
Let t(a) = -39*a + 575. What is the hundreds digit of t(0)?
5
Let k = 1119 - 642. What is the hundreds digit of k?
4
Suppose -11 = -2*u - t - 2, u + 2*t = 6. Suppose 5*x - u*s = 224, x + 44 = 2*x - s. What is the units digit of x?
8
Suppose -6*l + 42 = -7*l. What is the tens digit of (-12)/l + (-724)/(-14)?
5
Suppose -5660 = -4*s - 4*z, 5*s + 4*z = 10*s - 7039. What is the thousands digit of s?
1
Suppose -4*d + 98 = -306. Suppose -m - 3*m = z - d, -2*z - 73 = -3*m. Let g = 1 + m. What is the tens digit of g?
2
Suppose 192 = -5*y + 9*y. Suppose -4*t = -2*t + y. Let f = t + 43. What is the units digit of f?
9
Let q = -3 + 8. Let w(y) = -y**2 + 5*y. Let b be w(q). Suppose -2*h - 3*s + 39 = -b*h, -2*s + 2 = 0. What is the units digit of h?
8
Suppose -377 = -5*c + k, 3*k - 6*k = 2*c - 144. What is the tens digit of c?
7
Let l be 21/14*(-8)/3. Let q(g) = g**2 - 3*g - 4. Let s be q(l). Suppose 4*y - 33 = 2*y + w, -2*y + 4*w + s = 0. What is the tens digit of y?
1
Let c(k) = -7*k**3 + 2*k**2 + 12*k + 7. Let d(r) = -8*r**3 + 3*r**2 + 13*r + 7. Let f(a) = 7*c(a) - 6*d(a). What is the units digit of f(-5)?
2
Suppose 4*q + 2*q = q. What is the units digit of q/(-2) - (8 + -1 - 17)?
0
Let b(q) = -24 + 18*q**2 + 9*q - 6*q**3 - q**2 + 5*q**3 - 3*q**2. What is the tens digit of b(14)?
0
Let o = -1 - -33. Suppose -5*c - o + 142 = 0. What is the tens digit of c?
2
Let z(t) = 972*t**2 + 35*t + 35. What is the hundreds digit of z(-1)?
9
Suppose -2*g = -6*g - 5*k + 1172, 2*k - 886 = -3*g. What is the hundreds digit of g?
2
Suppose -j - 22 = j. Let w = -1 - j. What is the units digit of (2/(-5))/(w/(-100))?
4
Let o(s) = 5*s**2 - 3*s - 2. Let w(y) = 4*y**2 - 4*y - 1. Let n(g) = 5*o(g) - 6*w(g). Let r be n(-8). Let i = r + 27. What is the tens digit of i?
1
What is the hundreds digit of 2250/4 - (-76)/(-152)?
5
Let z(w) = -18*w - 8. Let j be z(-3). Suppose 2*y = 196 - j. What is the units digit of y?
5
Suppose 0 = 68*y + 4634 - 77258. What is the tens digit of y?
6
Let v = -15 - -149. Suppose -v + 626 = 3*f. What is the hundreds digit of f?
1
Suppose 4*t - 6449 = 3*o, 33*t + 4818 = 36*t + 4*o. What is the hundreds digit of t?
6
Suppose l = 1 - 4. Let d = l + 25. Let f = d + -18. What is the units digit of f?
4
Suppose 1269 = 11*a - 2*a. What is the units digit of a?
1
Let z = 1799 - 1058. What is the tens digit of z?
4
Let u(l) = 3*l**2 + 14*l - 164. What is the hundreds digit of u(-24)?
2
Let a be (-4)/(-14) - 10/(-14). Let n be 8 - 8 - a*2. What is the units digit of (8 - 0)*2 - n?
8
Let t be ((-27)/6)/(9/(-12)). Suppose -4*l = -14 + t. Suppose 0 = 4*v - l*v - 46. What is the units digit of v?
3
Let t(s) be the first derivative of 37*s**2/2 + 5*s - 8. Let d be t(3). Let b = -83 + d. What is the units digit of b?
3
Let k = 105 + -101. Suppose 6*h - 48 = k*h. What is the tens digit of h?
2
Suppose 4*k - 1653 = 5*n, 1239 = -k + 4*k - 3*n. What is the tens digit of k?
1
Let u(q) = -2*q + 13. Let p be u(5). Let c(x) = x**2 + 3*x - 6. What is the units digit of c(p)?
2
Suppose -2*k = -2*y + 4*y + 8, 2*k = -5*y - 32. Let t(p) = p**3 + 10*p**2 + p. What is the tens digit of t(y)?
2
What is the tens digit of (0 - -3)/(9/1857)?
1
Let y be (8 - 4)*(-2)/(-4). Suppose 5*x + 2*b = -3 + 8, -3*x - 2*b = 1. Suppose -x*i + 29 = -y*i. What is the tens digit of i?
2
Let y(l) = -3*l + 26 + 9 - 5. What is the units digit of y(-7)?
1
Suppose 5*p - 8759 = 4*b, 13*p = 18*p + 2*b - 8783. What is the hundreds digit of p?
7
Let r be -4 + (-2 - 0) - -1. Let t(b) = b - 3. Let h be t(r). What is the units digit of 4/h + (-15)/(-6)?
2
Let a(l) = 169*l + 5. What is the hundreds digit of a(2)?
3
Let w = 895 + -528. What is the units digit of w?
7
Let h(j) be the second derivative of -j**3/2 + 5*j**2/2 - 8*j. What is the units digit of h(-11)?
8
Let w = -201 - -194. Let p = -484 - -216. What is the units digit of p/(-7) + 2/w?
8
Let b(t) be the second derivative of 2*t**4/3 - t**3/3 - 5*t**2/2 + 18*t. What is the hundreds digit of b(-5)?
2
Let b(v) = -3*v + 6. Let h(p) = 1 - 3*p**2 - p - 6*p + 2*p**2 + 8*p + 5*p**3. Let d be h(-1). What is the units digit of b(d)?
4
Let p(s) = s + 2. Let o be p(-8). Let c be (-69)/(-15) - o/(-10). Suppose -2 = -5*l - c*n + 16, 0 = -3*l - 5*n + 16. What is the units digit of l?
2
Let h be (-6)/(-4) + (-105)/(-2). Let z = h - 8. Suppose -2*k + 2*u + z = 0, 6*k - 4*u = k + 114. What is the tens digit of k?
2
Let h(r) = -r**3 + 65*r**2 - 34*r - 237. What is the thousands digit of h(64)?
1
Let r be 44 + -1 - (2 - 3). Let l(f) = 2*f**2 - 11*f + 6. Let v be l(4). Let z = v + r. What is the units digit of z?
8
Let z = 520 - 344. Let b be 560/z + (-4)/22. Suppose 0 = -0*m + b*m - 21. What is the units digit of m?
7
Let g(k) = 18*k**3 + 2*k**2 + 5*k - 8. Suppose 0 = 4*f - 9*f + 10. What is the tens digit of g(f)?
5
Let l = -9 + 6. Let x be (-3)/(l/(-2)) - -5. Suppose -x*q = 2*h - 24, q - 3*h = -3*q + 32. What is the units digit of q?
8
Let q be 2/(-3) + 12/(-9). Let a(f) = 18*f - 4. Let i be a(q). What is the units digit of 6/33 + i/(-22)?
2
Let o be (-7)/(2*(-1)/18). Let j = o - 29. Suppose -i = i - j. What is the tens digit of i?
1
Suppose -5*h = 2*p + 471, -903 = 3*p + p - 3*h. Let c = -131 - p. What is the tens digit of c?
9
Let f be 1/((-3)/(3 + -30)). What is the units digit of ((-36)/(-8))/f - (-285)/2?
3
Suppose -8 = -0*i - 4*i. Suppose 7 = -i*d - 5*m - 2, 3*d + 2*m = 14. What is the units digit of d/10*(-120)/(-16)?
6
Let a = 42 + -17. Suppose 0 = -3*w + a + 143. What is the tens digit of w?
5
Suppose -2*v - 2*c = -12, -v + 0*v = -3*c - 26. Suppose -1 = -4*n + v. Suppose b - 4*q = 10, n*b - 5*b + 2*q = -8. What is the units digit of b?
2
Suppose -7 = -2*a + 5*f - 135, -12 = -3*f. Let u = a + 78. What is the tens digit of u?
2
Let o(p) = -2*p + 27. Let y be o(11). Suppose 0 = y*b - b + 12. What is the units digit of b + 1 + 1 - -47?
6
Suppose 56*u - 4422 = 50*u. What is the tens digit of u?
3
Let g(v) = v**2 - v - 3. Let w be g(-1). What is the tens digit of (-136)/(-34) + 267 + w?
7
What is the tens digit of -3*(202/(-3))/(9 - 8)?
0
Let u be 372/27 + 2/9. Suppose -2 = -3*l - u. Let c(p) = 3*p**2 + 5*p + 3. What is the units digit of c(l)?
1
Let n(j) = -24*j**3 + j**2 - 1. Let o = 31 - 45. Let f = o + 13. What is the tens digit of n(f)?
2
Let n be 2/6*(1 + 8). What is the units digit of n/((-18)/(-52))*21?
2
Suppose 0 = -4*n - 4, -5 = -3*o + 2*o - 2*n. Let k be 13 - 18 - (0 + -42). Suppose 0 = 5*r + o - k. What is the units digit of r?
6
Suppose -5*h = -p + 378, 0 = 3*h - 18 + 15. What is the units digit of p?
3
Let k(u) = -817*u + 54. What is the hundreds digit of k(-2)?
6
What is the hundreds digit of ((-72)/30 + 2)/((-2)/3370)?
6
Suppose -1110 = -3*f + 2247. What is the hundreds digit of f?
1
Suppose -3 + 11 = 2*f. Suppose 0*r + k = -3*r + 291, f*r - 398 = 2*k. What is the tens digit of r?
9
Suppose -l - 11 = -2*l + 3*g, 5*l + 5*g - 15 = 0. Suppose 25 = -l*f - 65. What is the units digit of (-91)/(-4) - f/72?
3
Let y = 289 + -88. What is the hundreds digit of y?
2
Let m be (0 - (-4)/4)*4. Let l(g) = -2 - 1 + m*g + 0*g**2 + 6*g**2 - 6*g. What is the tens digit of l(-2)?
2
Let l(r) = -r**3 + 5*r**2 - 36*r - 7. What is the thousands digit of l(-8)?
1
Let o be (-198 + -4)*(-1)/(-1). Let m = o - -475. What is the hundreds digit of m?
2
What is the tens dig